r when 137 is divided by 33?
5
Calculate the remainder when 4024 is divided by 161.
160
What is the remainder when 391 is divided by 138?
115
What is the remainder when 324 is divided by 15?
9
Calculate the remainder when 769 is divided by 367.
35
Calculate the remainder when 687 is divided by 15.
12
Calculate the remainder when 1895 is divided by 6.
5
What is the remainder when 1136 is divided by 82?
70
Calculate the remainder when 107 is divided by 12.
11
What is the remainder when 327 is divided by 55?
52
What is the remainder when 876 is divided by 16?
12
What is the remainder when 64 is divided by 6?
4
What is the remainder when 63 is divided by 6?
3
What is the remainder when 1568 is divided by 223?
7
What is the remainder when 6029 is divided by 201?
200
Calculate the remainder when 23 is divided by 15.
8
What is the remainder when 233 is divided by 76?
5
Calculate the remainder when 9040 is divided by 17.
13
What is the remainder when 2583 is divided by 34?
33
Calculate the remainder when 617 is divided by 37.
25
Calculate the remainder when 140 is divided by 98.
42
What is the remainder when 228 is divided by 7?
4
Calculate the remainder when 31 is divided by 1.
0
What is the remainder when 34 is divided by 9?
7
What is the remainder when 30 is divided by 22?
8
Calculate the remainder when 3681 is divided by 26.
15
What is the remainder when 1296 is divided by 62?
56
Calculate the remainder when 829 is divided by 141.
124
What is the remainder when 2547 is divided by 116?
111
Calculate the remainder when 142 is divided by 45.
7
What is the remainder when 375 is divided by 163?
49
Calculate the remainder when 599 is divided by 67.
63
What is the remainder when 159 is divided by 19?
7
What is the remainder when 877 is divided by 8?
5
What is the remainder when 1106 is divided by 37?
33
What is the remainder when 10931 is divided by 96?
83
What is the remainder when 166 is divided by 17?
13
Calculate the remainder when 106 is divided by 29.
19
Calculate the remainder when 15599 is divided by 5.
4
Calculate the remainder when 39 is divided by 8.
7
What is the remainder when 1836 is divided by 10?
6
Calculate the remainder when 5037 is divided by 335.
12
Calculate the remainder when 1482 is divided by 67.
8
Calculate the remainder when 45 is divided by 25.
20
Calculate the remainder when 42 is divided by 19.
4
What is the remainder when 566 is divided by 98?
76
Calculate the remainder when 35 is divided by 14.
7
Calculate the remainder when 1317 is divided by 47.
1
Calculate the remainder when 99 is divided by 33.
0
What is the remainder when 5211 is divided by 22?
19
What is the remainder when 89 is divided by 8?
1
What is the remainder when 142 is divided by 73?
69
Calculate the remainder when 6797 is divided by 34.
31
What is the remainder when 1922 is divided by 37?
35
Calculate the remainder when 147 is divided by 31.
23
Calculate the remainder when 492 is divided by 24.
12
Calculate the remainder when 157 is divided by 64.
29
What is the remainder when 119 is divided by 22?
9
What is the remainder when 93 is divided by 5?
3
Calculate the remainder when 358 is divided by 47.
29
Calculate the remainder when 5837 is divided by 971.
11
Calculate the remainder when 358 is divided by 31.
17
Calculate the remainder when 1479 is divided by 26.
23
Calculate the remainder when 356 is divided by 21.
20
What is the remainder when 145 is divided by 60?
25
Calculate the remainder when 141 is divided by 11.
9
What is the remainder when 650 is divided by 21?
20
Calculate the remainder when 16426 is divided by 12.
10
Calculate the remainder when 579 is divided by 53.
49
What is the remainder when 3967 is divided by 21?
19
Calculate the remainder when 1913 is divided by 933.
47
Calculate the remainder when 76 is divided by 9.
4
Calculate the remainder when 8748 is divided by 70.
68
Calculate the remainder when 71 is divided by 8.
7
What is the remainder when 751 is divided by 155?
131
Calculate the remainder when 20 is divided by 17.
3
Calculate the remainder when 483 is divided by 71.
57
Calculate the remainder when 129 is divided by 44.
41
What is the remainder when 99 is divided by 51?
48
What is the remainder when 308 is divided by 81?
65
Calculate the remainder when 180 is divided by 43.
8
Calculate the remainder when 32 is divided by 22.
10
Calculate the remainder when 273 is divided by 23.
20
Calculate the remainder when 7829 is divided by 29.
28
What is the remainder when 268 is divided by 264?
4
Calculate the remainder when 553 is divided by 273.
7
Calculate the remainder when 862 is divided by 72.
70
What is the remainder when 1567 is divided by 56?
55
What is the remainder when 4654 is divided by 126?
118
What is the remainder when 237 is divided by 47?
2
Calculate the remainder when 149 is divided by 78.
71
What is the remainder when 27 is divided by 16?
11
What is the remainder when 736 is divided by 20?
16
Calculate the remainder when 201 is divided by 94.
13
What is the remainder when 1735 is divided by 26?
19
Calculate the remainder when 1075 is divided by 98.
95
What is the remainder when 1033 is divided by 32?
9
Calculate the remainder when 122 is divided by 5.
2
What is the remainder when 47 is divided by 3?
2
What is the remainder when 455 is divided by 451?
4
What is the remainder when 656 is divided by 60?
56
Calculate the remainder when 233 is divided by 54.
17
Calculate the remainder when 434 is divided by 19.
16
What is the remainder when 66 is divided by 23?
20
Calculate the remainder when 75 is divided by 43.
32
What is the remainder when 1677 is divided by 15?
12
What is the remainder when 312 is divided by 64?
56
Calculate the remainder when 721 is divided by 357.
7
Calculate the remainder when 209 is divided by 17.
5
What is the remainder when 3157 is divided by 79?
76
What is the remainder when 110 is divided by 49?
12
Calculate the remainder when 1467 is divided by 4.
3
Calculate the remainder when 4914 is divided by 149.
146
Calculate the remainder when 492 is divided by 13.
11
What is the remainder when 324 is divided by 82?
78
Calculate the remainder when 7116 is divided by 80.
76
What is the remainder when 199 is divided by 50?
49
Calculate the remainder when 587 is divided by 16.
11
What is the remainder when 3336 is divided by 63?
60
What is the remainder when 724 is divided by 21?
10
What is the remainder when 47 is divided by 46?
1
Calculate the remainder when 502 is divided by 72.
70
What is the remainder when 354 is divided by 90?
84
Calculate the remainder when 149 is divided by 33.
17
What is the remainder when 628 is divided by 35?
33
Calculate the remainder when 337 is divided by 93.
58
Calculate the remainder when 172 is divided by 14.
4
Calculate the remainder when 297 is divided by 25.
22
Calculate the remainder when 93 is divided by 23.
1
What is the remainder when 141 is divided by 94?
47
Calculate the remainder when 1896 is divided by 42.
6
Calculate the remainder when 280 is divided by 41.
34
Calculate the remainder when 326 is divided by 206.
120
What is the remainder when 357 is divided by 75?
57
Calculate the remainder when 391 is divided by 16.
7
What is the remainder when 498 is divided by 98?
8
Calculate the remainder when 46 is divided by 16.
14
Calculate the remainder when 11232 is divided by 82.
80
What is the remainder when 389 is divided by 32?
5
What is the remainder when 102 is divided by 30?
12
What is the remainder when 218 is divided by 56?
50
Calculate the remainder when 3331 is divided by 128.
3
Calculate the remainder when 258 is divided by 33.
27
Calculate the remainder when 142 is divided by 26.
12
What is the remainder when 503 is divided by 102?
95
What is the remainder when 12087 is divided by 8?
7
Calculate the remainder when 32 is divided by 12.
8
Calculate the remainder when 4308 is divided by 1434.
6
Calculate the remainder when 33 is divided by 32.
1
Calculate the remainder when 319 is divided by 53.
1
What is the remainder when 119 is divided by 72?
47
What is the remainder when 199 is divided by 15?
4
Calculate the remainder when 168 is divided by 3.
0
Calculate the remainder when 223 is divided by 38.
33
What is the remainder when 1981 is divided by 87?
67
What i